- 2*s**2 + 16*s - 12. Determine i(3).
-9
Let z(o) = -3*o**3 + 137*o**2 - 98*o + 36. Calculate z(45).
-324
Let n(i) = 17*i**2 + 124*i - 257. Calculate n(2).
59
Let g(l) = 22*l**2 - 215*l - 55. Give g(10).
-5
Let l(b) = -b**2 + 15*b + 45. What is l(7)?
101
Let a(x) = -x**3 + 5*x**2 - 4. Determine a(4).
12
Let r(f) = -f**3 + 6*f**2 - 8*f - 55. Determine r(-3).
50
Let p(q) = 8*q + 346. Determine p(-28).
122
Let j(l) = -2*l**2 - 57*l - 48. Determine j(-21).
267
Let m(x) = x**2 - 87*x + 1618. Calculate m(60).
-2
Let k(z) = 44*z + 8. What is k(0)?
8
Let n(k) = -101*k**3 - 2*k**2 + 2*k. Calculate n(1).
-101
Let s(j) = -j**2 + 4*j + 19. Calculate s(4).
19
Let w(z) = -33*z - 1578. What is w(-49)?
39
Let r(k) = -k**2 + 59*k + 4833. Calculate r(105).
3
Let t(x) = 140*x + 1132. Calculate t(-8).
12
Let k(u) = -3*u + 41. Calculate k(33).
-58
Let j(i) = -9*i - 108. Give j(24).
-324
Let n(b) = b**3 - 7*b**2 - 54*b + 377. Determine n(8).
9
Let b(a) = 136*a + 4076. What is b(-30)?
-4
Let b(u) = -u**3 + 22*u**2 + 44*u + 1. Calculate b(24).
-95
Let b(w) = -5*w**2 - 46*w + 177. Calculate b(3).
-6
Let i(f) = f**2 - 49*f + 366. What is i(9)?
6
Let h(l) = -66*l**2 - 8*l - 9. Determine h(-1).
-67
Let r(q) = -942*q - 2448. What is r(-3)?
378
Let w(l) = 85*l + 2919. Determine w(-34).
29
Let x(p) = 1212*p - 15. What is x(0)?
-15
Let g(j) = -977*j + 165112. What is g(169)?
-1
Let k(l) = -2*l**3 - 46*l**2 - 4*l - 101. Calculate k(-23).
-9
Let g(w) = w**3 + 66*w**2 - 280*w - 21. Give g(-70).
-21
Let b(m) = 13*m**2 + 535*m + 587. What is b(-40)?
-13
Let d(g) = g**2 + 24*g - 299. Calculate d(-33).
-2
Let u(l) = 30*l**3 - 394*l**2 + 54*l - 17. Calculate u(13).
9
Let d(y) = -y**3 + 38*y**2 - 60*y - 1598. Give d(35).
-23
Let g(a) = -186*a + 3585. Give g(19).
51
Let v(h) = 200*h + 1215. Determine v(-7).
-185
Let m(a) = -111*a**3 - 3*a**2 + 1. Determine m(1).
-113
Let f(g) = -273*g + 5413. Give f(20).
-47
Let q(h) = -403*h + 37112. Calculate q(92).
36
Let b(l) = l**2 + 8*l - 3. Determine b(-4).
-19
Let k(v) = -130*v**2 + 2995*v - 120. Determine k(23).
-5
Let t(o) = 13*o**2 + 62*o + 292. Calculate t(-6).
388
Let f(h) = 3*h**3 - 34*h**2 + 73*h + 50. Determine f(8).
-6
Let o(v) = -v**3 + 22*v**2 + 3*v - 8. What is o(0)?
-8
Let k(a) = a**3 + 13*a**2 + 33*a - 49. What is k(-7)?
14
Let b(d) = d**3 - 15*d**2 + 34*d - 158. Calculate b(12).
-182
Let k(u) = -142*u - 6972. Give k(-49).
-14
Let n(g) = g**2 + 1123*g - 3352. Calculate n(3).
26
Let i(v) = -137*v**2 + 2312*v + 289. What is i(17)?
0
Let v(y) = -y**3 + 38*y**2 - 9*y + 338. Determine v(38).
-4
Let n(u) = 694*u - 32610. Calculate n(47).
8
Let w(b) = -2*b**2 + 57*b - 39. Give w(29).
-68
Let z(a) = -2*a**3 - 54*a**2 - 54*a - 6. Give z(-26).
46
Let k(g) = -g**3 + 24*g**2 + 27*g - 59. What is k(25)?
-9
Let y(k) = 82*k**2 + 2*k. Give y(-2).
324
Let k(s) = -14*s - 100. What is k(-6)?
-16
Let t(y) = y**3 + 12*y**2 + 7*y. Give t(-11).
44
Let h(b) = b**2 + 6*b - 16. Calculate h(0).
-16
Let s(x) = -x**3 + 2*x**2 - 4*x + 27. Determine s(3).
6
Let u(v) = v**3 + 4*v**2 + 79*v + 407. Determine u(-5).
-13
Let y(b) = 3*b**2 - 538*b + 7395. Calculate y(15).
0
Let i(p) = -p**2 + 181*p - 7852. What is i(109)?
-4
Let x(t) = -4*t**2 + 13*t - 34. Give x(5).
-69
Let x(f) = -f**3 - 3*f**2 + 58*f + 30. Calculate x(-9).
-6
Let p(m) = m**3 - 145*m**2 + 283*m + 321. Calculate p(143).
-108
Let u(d) = -6*d**2 + 105*d - 207. What is u(15)?
18
Let q(i) = i**3 - 31*i**2 + 236*i - 53. Give q(18).
-17
Let s(r) = -44*r + 941. Determine s(22).
-27
Let k(v) = -v**2 + 26*v - 5. Calculate k(24).
43
Let r(s) = s**3 + 11*s**2 + 3*s - 21. What is r(-10)?
49
Let j(d) = -43*d**2 - 2151*d - 57. What is j(-50)?
-7
Let u(q) = 4*q**3 + 60*q**2 - 101*q - 582. Determine u(-16).
10
Let g(j) = 2*j**2 - 23*j + 16. Calculate g(8).
-40
Let a(f) = f**3 + 5*f**2 + 137*f + 265. What is a(-2)?
3
Let x(k) = 877*k**2 + 7016*k - 3. Calculate x(-8).
-3
Let j(m) = -73*m - 4540. What is j(-62)?
-14
Let l(t) = -2*t**2 + 378*t + 2737. What is l(-7)?
-7
Let q(n) = n**3 - 40*n**2 + 56*n + 407. Give q(38).
-353
Let o(v) = -12*v**2 + 435*v - 1978. Calculate o(31).
-25
Let c(n) = -79*n - 882. Determine c(-11).
-13
Let y(a) = -115*a**2 + 5*a + 7. What is y(-1)?
-113
Let k(o) = -o**3 + 98*o**2 + 323*o - 2020. Calculate k(101).
0
Let j(o) = -26*o + 278. Calculate j(7).
96
Let x(w) = -2888*w + 8685. Determine x(3).
21
Let q(s) = s**3 + 136*s**2 - 160*s - 3156. Determine q(-137).
-5
Let r(s) = -506*s - 6037. Determine r(-12).
35
Let g(q) = 2*q**2 + 16*q - 29. Calculate g(-10).
11
Let d(u) = -u**3 + 45*u**2 - 444*u - 189. Determine d(30).
-9
Let b(y) = 6330*y - 37908. Calculate b(6).
72
Let g(p) = -2*p**3 - 22*p**2 + 29*p + 41. What is g(-12)?
-19
Let g(t) = -27*t + 1024. Give g(38).
-2
Let h(b) = 8*b**3 + b**2 - b - 12. Calculate h(3).
210
Let r(p) = p**3 - 10*p**2 - 2*p - 1. Calculate r(9).
-100
Let q(x) = 1475*x + 4420. Determine q(-3).
-5
Let x(v) = -9*v**2 - 144*v - 2. Calculate x(-16).
-2
Let c(x) = -99*x + 7008. Determine c(71).
-21
Let a(l) = -17*l - 607. Determine a(-35).
-12
Let q(f) = f**3 + 80*f**2 - 164*f - 2. Calculate q(-82).
-2
Let i(r) = -23*r + 2252. Determine i(90).
182
Let i(u) = u**3 + 11*u**2 - u - 4. Calculate i(-6).
182
Let b(q) = 8*q - 779. What is b(38)?
-475
Let i(d) = -2*d**2 - 23*d + 159. Calculate i(5).
-6
Let y(t) = -639*t - 69010. Determine y(-108).
2
Let p(i) = -115*i - 464. Determine p(-4).
-4
Let l(m) = -m**3 - 6*m**2 + 56*m + 119. Give l(-2).
-9
Let i(v) = 4*v**2 + 227*v - 52. What is i(-57)?
5
Let z(n) = -n**3 - 16*n**2 - 18*n - 61. Give z(-15).
-16
Let j(k) = 2*k**2 + 823*k + 57409. What is j(-89)?
4
Let q(p) = -23*p**2 + 2190*p - 464. Determine q(95).
11
Let z(p) = p**3 - 93*p**2 - 83*p - 1038. Determine z(94).
-4
Let f(l) = -12*l - 306. Give f(-35).
114
Let g(p) = 1219*p + 12183. Determine g(-10).
-7
Let u(k) = 2*k**2 + 69*k + 567. Calculate u(-22).
17
Let u(a) = 6*a**2 - 83*a - 74. What is u(15)?
31
Let v(a) = -a**2 - 23*a + 109. Calculate v(4).
1
Let v(b) = -617*b + 46265. Give v(75).
-10
Let j(b) = -79*b + 580. Give j(7).
27
Let m(z) = -4*z**2 + 38*z + 597. Calculate m(-14).
-719
Let f(v) = -13520*v - 67601. What is f(-5)?
-1
Let n(a) = 778*a + 6229. Give n(-8).
5
Let y(k) = k**3 - 23*k**2 - 171*k - 15. What is y(-6)?
-33
Let s(y) = 13*y**2 + 593*y - 594. What is s(1)?
12
Let z(h) = 12*h - 5. Give z(1).
7
Let j(y) = -y**3 + 5*y**2 - 8*y + 18. Calculate j(3).
12
Let v(l) = 17*l**2 + 142*l + 24. Give v(-8).
-24
Let x(v) = v**3 - 53*v**2 - 146*v + 5006. Determine x(54).
38
Let n(m) = -2*m**2 - 3*m + 72. Give n(5).
7
Let o(q) = 11*q**2 + 9*q - 18. Give o(-4).
122
Let s(a) = 50*a + 22. Calculate s(-1).
-28
Let l(g) = -g**3 - 24*g**2 + 35*g - 120. Give l(-26).
322
Let y(x) = 47*x - 6092. Calculate y(130).
18
Let i(m) = -2*m**3 - 43*m**2 - 202*m - 12. What is i(-14)?
-124
Let f(q) = 126*q + 17495. Give f(-139).
-19
Let i(a) = -3*a - 28. Calculate i(-31).
65
Let n(g) = -g**3 + 9*g**2 + 72*g - 13. What is n(14)?
15
Let g(r) = -119*r**2 - 14*r + 16. Determine g(2).
-488
Let d(j) = -j**3 + 29*j**2 + 58*j + 113. Give d(31).
-11
Let y(j) = -j**3 - 5*j**2 + 193*j - 183. Determine y(11).
4
Let d(y) = 20*y + 331. What is d(-18)?
-29
Let i(q) = -41*q**3 + 4*q - 3. What is i(1)?
-40
Let w(a) = 2*a**3 - 29*a**2 + 9*a + 27. Calculate w(14).
-43
Let s(y) = -y**3 - 14*y**2 - 8*y + 18. Determine s(-14).
130
Let g(a) = -a**3 + 11*a**2 - 6*a + 76. What is g(11)?
10
Let i(m) = 28*m**2 + 71*m - 17. What is i(-3)?
22
Let g(r) = -r**2 + 47*r - 440. Calculate g(33).
22
Let m(t) = t**3 - 48*t**2 + 175*t + 64. Determine m(44).
20
Let i(r) = -74*r - 8885. Give i(-120).
-5
Let l(v) = 2*v**2 + 38*v + 148. Calculate l(-12).
-20
Let t(w) = -6*w**2 + 336*w + 278. Give t(56).
278
Let q(m) = 3*m**2 + 29*m + 8. Determine q(-11).
52
Let s(f) = 2*f**3 + 9*f**2 - 126*f - 269. Give s(-2).
3
Let v(q) = 3735*q + 3731. Give v(-1).
-4
Let r(j) = -25*j - 600. Give r(0).
-600
Let g(x) = x**2 - 36*x - 2001. What is g(68)?
175
Let i(n) = -70*n - 77. What is i(-4)?
203
Let i(a) = -a**3 + 42*a**2 - 18*a - 943. Give i(41).
0
Let u(b) = -35675*b - 249724. What is u(-7)?
1
Let l(f) = f**3 + 15*f**2 - 102*f - 25. Calculate l(-20).
15
Let d(x) = -x**2 - 95*x + 186. What is d(-99)?
-210
Let o(w) = -3*w**3 + 31*w**2 + 21*w - 